*a = -4*o + 5 - 17, 3*a + 22 = 5*o. Suppose -o*v = -8*v + 930. Is v prime?
False
Let r = 107216 + -72699. Is r a prime number?
False
Let w = 9 + -4. Suppose 2*l + 4*f = 298, -f - 8 = -w*f. Is l prime?
False
Suppose 10 = 5*c + 5*n, 3*n - 4*n - 7 = -2*c. Suppose -8*k + c*k = -100. Let g = k - 16. Is g composite?
True
Suppose 4*g = -8*g. Suppose g = -j + 956 + 443. Is j a composite number?
False
Suppose -1442 = -2*r + 2144. Is r a composite number?
True
Let r = 417 - 246. Suppose -r = -3*u + 30. Is u prime?
True
Let b be (7/2)/(1/(-2)). Suppose 0 = g + 5*v - 416, 54*v - 57*v + 12 = 0. Let k = b + g. Is k a composite number?
False
Let n(d) = -d**3 + 28*d**2 - 68*d - 41. Is n(24) a prime number?
True
Let u(a) = 3*a**2 - 20*a - 64. Is u(-19) a composite number?
False
Suppose -1 = 5*w + 5*p + 4, 2*w + 8 = -5*p. Let r = w + 3376. Is r composite?
True
Let q be 4/(-12) + (-1249)/(-3). Let f be 4*214/4*-1. Let o = q + f. Is o a prime number?
False
Is (-3 - (-1 + 45))*-17 a composite number?
True
Let c(q) = 5*q + 10. Let a be c(-1). Suppose -3*s + 4*k = -2*s - 537, 1628 = 3*s + a*k. Is s a composite number?
False
Suppose -19*t + 144594 = -78105. Is t a prime number?
False
Let k = 44731 - 26138. Is k a composite number?
False
Let o = 51 + 12. Suppose 15 = -3*w + 381. Let v = w - o. Is v a composite number?
False
Let j(n) = 6*n**2 - 2*n - 173. Is j(40) prime?
False
Let a be (-102)/(-4) - 6/(-12). Let g be 65/a + (-1)/2. Suppose -t + 2 = 1, 5*y - g*t - 68 = 0. Is y a prime number?
False
Let h be ((-2)/6)/(1/3). Let k(p) = 703*p**2. Is k(h) composite?
True
Suppose 0 = 2*q - 4*i - i - 2071, 0 = -q + i + 1040. Is q prime?
False
Let o = 3 + 0. Let q(g) = 13*g**3 + 2*g**2 + 6*g - 11. Let v(m) = -7*m**3 - m**2 - 3*m + 6. Let f(w) = 4*q(w) + 7*v(w). Is f(o) a prime number?
True
Let p be (-2 - 0 - -6) + -3. Let d(h) = -87*h + 8*h + p + 5*h. Is d(-2) a prime number?
True
Suppose -22*u + 151342 + 86500 = 0. Is u prime?
False
Let f(h) = 44*h - 27. Let q(p) = -15*p + 9. Let j(d) = 2*f(d) + 7*q(d). Is j(-6) composite?
True
Is (-2)/6*(-25 + -1976) prime?
False
Suppose -5*u + 0*p + 2*p - 64 = 0, 3*u = 4*p - 44. Let g(t) = t + 12. Let a be g(u). Suppose -3*r + 3*s + 126 = -a*s, 0 = r + 2*s - 45. Is r composite?
False
Let w = 10694 + 827. Is w composite?
True
Suppose 0 = 7*s - 1444 - 1293. Suppose -m = -2*b + m + 758, b - s = -5*m. Is b composite?
True
Suppose 0 = -p + 2, q - 8 = -0*q - 5*p. Let i(g) = -g**2 - 41*g + 83. Let t be i(-43). Is t/q + 131/2 prime?
True
Let q be 8/3 - (-1)/3. Suppose -w + q*o + 2*o = -1003, -4*o = -w + 999. Is w composite?
False
Let v be 10/2*5*(-32)/(-40). Let w = v + -9. Is w composite?
False
Suppose -6*r = -7*r + 47. Suppose 2*d - 915 = r. Is d composite?
True
Let y = 307 + -186. Suppose 0*o = -5*o - 410. Let v = y + o. Is v prime?
False
Suppose 0 = -4*x - 2*r + 20, 0*r = -x - 2*r - 1. Let p(j) = 3*j**3 - 7*j**2 + 10*j - 37. Is p(x) composite?
False
Let g(n) = -n**2 + 6*n + 8. Let d be g(6). Suppose j = 4*a + 5, 5*a - 17 = -5*j + d. Let r = 53 + a. Is r a prime number?
True
Let c = 8 - 4. Let v(y) = -y**2 - 7*y + 3. Let b be v(-7). Suppose b*m = 2*n - c*n + 97, -m + 1 = 0. Is n prime?
True
Is -4*(-8 - (-2802)/(-24)) a composite number?
False
Let g be 1992 - 9/3 - -3. Let c be (9 - (-6)/(-2)) + 3. Suppose -c*f + g = -f. Is f composite?
True
Let i(u) = -u + 3. Let a be i(5). Suppose 0 = 7*m - 25 - 24. Is (-404)/(-7) - a/m composite?
True
Is 2158 + 0 - (14 + (-13 - -4)) a prime number?
True
Let w(q) = 12*q**3 + 10*q**2 - 4*q + 5. Is w(7) composite?
False
Suppose -3*w + 89 = -232. Let x be (-374)/(-85) - (-4)/(-10). Suppose x*y = 45 + w. Is y prime?
False
Let f(h) = h**2 + 12*h + 4. Let g be f(-12). Let q = 789 + -549. Suppose 4*v = -g*l + q, v - 6*v = -5. Is l prime?
True
Let w = 33 + -34. Is -1 + w*(0 + -119) composite?
True
Suppose -26 + 96 = 5*i. Let g = 0 + i. Is g a composite number?
True
Let t(b) = -3*b - 67. Let f be t(-19). Is (6296/10)/(-1*f/25) prime?
False
Suppose 5*k + 22 - 32 = 0. Is (k - ((-3 - -2) + 4))*-911 a composite number?
False
Suppose -1 = -2*d + 153. Suppose 0 = -4*r + d + 215. Let p = -36 + r. Is p a prime number?
True
Suppose g = 14*g - 598. Is g prime?
False
Let a be 69/(-2)*24/36. Let w = 116 + a. Is w prime?
False
Is (1 + 1909/(-2))*(-14)/7 a composite number?
False
Let y = -4 - -11. Suppose -50 = 5*b - y*b. Let x = 106 + b. Is x a prime number?
True
Let f(t) be the first derivative of t**3/3 - 11*t**2/2 - 9*t - 5. Is f(-8) a composite number?
True
Suppose -3*u + 3*p + 6 = 0, -4*p = u + u - 16. Is (2/u)/((-8)/(-17648)) prime?
True
Suppose 1 = 16*n - 15*n. Is (n/3)/((-12)/(-11304)) a composite number?
True
Let y = -3146 - -7333. Is y a composite number?
True
Let k be -2*1/3*(-45549)/18. Suppose -t + k = 3*c, -5*t = -2*t + 5*c - 5069. Is t a composite number?
False
Let x(i) = 69*i - 6. Let d be x(6). Let p = d - 116. Let f = p + -203. Is f prime?
True
Let u(g) = -4*g**3 - 20*g**2 - 17*g + 37. Is u(-14) a composite number?
False
Is (-4790)/(-6) - (-8)/12 prime?
False
Suppose -3*f + 56 = -3*r + r, 0 = 3*f - 5*r - 50. Suppose y + f = 5*y. Let w(c) = -c**3 + 11*c**2 - 6*c - 5. Is w(y) a prime number?
False
Suppose -3*j + 824 = -616. Suppose 4*v + j = -0*v + 4*t, 0 = 3*v - 5*t + 356. Let h = 243 + v. Is h composite?
True
Let q = -89 - -271. Let h = 280 - q. Let c = 177 - h. Is c prime?
True
Suppose 2*f = 6*f - 13284. Suppose -7*z + 1586 = -f. Is z a composite number?
False
Suppose 4*h + 2*i - 73308 = 0, -54979 = -3*h + 17*i - 19*i. Is h a composite number?
False
Let a(o) = -455*o + 31. Is a(-5) prime?
False
Let q(x) = 2167*x - 12. Is q(1) composite?
True
Let k(t) = -58*t + 71. Is k(-6) composite?
False
Let s be (3 + -3)/3 + 548. Let h = -385 + s. Suppose -3*l + h = -2774. Is l a composite number?
True
Let g = -1804 - -2813. Is g a prime number?
True
Let o(j) = 2*j + 1 + 2*j - 8*j - j**2 - 5. Let v be o(-3). Let n(l) = 683*l**2. Is n(v) composite?
False
Suppose 17*i + 17286 = 23*i. Is i composite?
True
Let p = 8344 + -1655. Is p a composite number?
False
Let m = -38 + -43. Let a = -2 - m. Is a a composite number?
False
Let q(g) = -119*g**3 + 2*g**2 + 2*g. Let o be q(-2). Suppose -u = -2*u + 669. Let j = o - u. Is j a composite number?
True
Let v(z) = 9*z**2 - 4*z - 4. Let x = 3 + -5. Let s be v(x). Suppose 0 = -l + s + 3. Is l composite?
False
Let g(u) = -u**3 - 5*u**2. Let i be g(-4). Let d = 21 + i. Suppose -5*f = -3*r + 535, d*f - 945 = -5*r - 0*r. Is r a composite number?
True
Suppose h = 6*h - 10. Suppose -h*s + 4 = 0, -4*m + 5*s + 2670 = 2*s. Is m a composite number?
True
Let n(k) = 35*k**2. Suppose 17 + 1 = 3*l. Suppose -3*a = l - 3. Is n(a) composite?
True
Let p(c) = 2258*c**2 - 84*c + 257. Is p(3) a composite number?
False
Suppose k - a + 6 = 0, 5*k + 2*a = 9*k + 16. Is (3 + -376)*(k - -1) a composite number?
False
Let g(j) = 125*j - 2*j - 5*j - 28 + 73. Is g(11) a prime number?
False
Is (1 - -8181)*4/((-16)/(-2)) a prime number?
True
Is ((14/(-4))/(-7))/((-3)/(-14142)) prime?
True
Let l be 2/4*(-3714)/(-1). Suppose -l = -6*g - 519. Is g a composite number?
False
Suppose 0 = -3*j - j - 28. Let t be j/(3*4/12). Let g = t + 14. Is g a composite number?
False
Suppose -4*r - 3905 = 4*m - 9*m, 0 = -2*m + 10. Let z = r + 1779. Is z a prime number?
True
Let m = -81 + 92. Let a(h) = h + 36. Let t be a(0). Is 738/t*(m - 1) composite?
True
Let t = 1226 + -839. Let g be (-20)/(((-6)/(-17))/(-3)). Let i = t - g. Is i composite?
True
Suppose -2*v + 2524 = 4*l, -27*l + 24*l = -2*v - 1907. Is l prime?
False
Let s be 12*7/(28/3). Suppose -14*y + s*y + 555 = 0. Is y prime?
False
Let f = -26 - -28. Suppose 413 = x + f*z, z + 1 = -0. Is x composite?
True
Let p(j) = -9 + 7 + 4*j**2 - 4*j - 5*j. Let c be p(-6). Suppose 3*w - 809 - c = 0. Is w a composite number?
True
Suppose 36*r - 31*r + 3970 = 0. Is (5 + (-6 - -3))*r/(-4) prime?
True
Suppose -q + 5 = 0, -2*p - 47*q + 9018 = -43*q. Is p a prime number?
False
Suppose 5*n = 3*u + 20, -4*u + 5*u = n - 4. Is ((-34930)/(-16) - n) + (-2)/16 composite?
False
Let w = 7 - 7. Suppose z - 32 - 73 = w. Let g = z + -16. Is g a prime number?
True
Let z be (-2)/4*-6 + -3. Suppose -5*f + z*f + 389 = -2*g, 0 = 4*g + 8. Is f a prime number?
False
Suppose 216*u = 227*u - 33451. Is u a composite number?